{"id":1,"date":"2019-07-24T14:27:43","date_gmt":"2019-07-24T14:27:43","guid":{"rendered":"https:\/\/xunarestaurante.com.mx\/?page_id=1"},"modified":"2025-11-18T17:15:37","modified_gmt":"2025-11-18T17:15:37","slug":"home","status":"publish","type":"page","link":"https:\/\/xunarestaurante.com.mx\/","title":{"rendered":"Home"},"content":{"rendered":"<h2>\n<p data-start=\"622\" data-end=\"669\"><strong data-start=\"622\" data-end=\"667\">Una experiencia culinaria que trasciende.<\/strong><\/p>\n<\/h2>\n<div>\n<p>Bajo la visi\u00f3n del chef <em><strong>Jonat\u00e1n G\u00f3mez Luna<\/strong><\/em>, galardonado con estrella Michelin y distinguido con el premio <em><strong data-start=\"233\" data-end=\"261\">Chef Mentor por Michelin<\/strong><\/em>, Xuna es un manifiesto culinario donde la cocina mexicana se reinventa. Ingredientes tradicionales se transforman en creaciones modernas que honran la riqueza y diversidad de M\u00e9xico, fusionando t\u00e9cnicas ancestrales con una mirada audaz y contempor\u00e1nea.<\/p>\n<\/div>\n<h2>\u00danete a la mesa<\/h2>\n<div>\n<p>Un viaje gastron\u00f3mico donde cada ingrediente cuenta su historia.<\/p>\n<\/div>\n<h3>Contacto<\/h3>\n<div>\n<p>+52 55 9459 5020<\/p>\n<\/div>\n<h3>RESERVAR<\/h3>\n<p><p>\n        <a href=\"https:\/\/www.opentable.com.mx\/r\/octavia-ciudad-de-mexico\">OPENTABLE<\/a>\n    <\/p>\n<\/p>\n<div>\n<p><span>Valladolid 96, Roma Nte. Cuauht\u00e9moc, 06700 Ciudad de M\u00e9xico, CDMX<\/span><\/p>\n<\/div>\n<div>\n<div style=\"width:100%; height:500px;\">\n  <iframe \n    src=\"https:\/\/www.google.com\/maps\/embed?pb=!1m18!1m12!1m3!1d3762.8748491154647!2d-99.17009422441618!3d19.41781264115228!2m3!1f0!2f0!3f0!3m2!1i1024!2i768!4f13.1!3m3!1m2!1s0x85d1ff387714d8f5%3A0x3b7145cdf2254839!2sValladolid%2096%2C%20Roma%20Nte.%2C%20Cuauht%C3%A9moc%2C%2006700%20Ciudad%20de%20M%C3%A9xico%2C%20CDMX!5e0!3m2!1sen!2smx!4v1758174254694!5m2!1sen!2smx\" \n    width=\"100%\" \n    height=\"80%\" \n    style=\"border:0;\" \n    allowfullscreen=\"\" \n    loading=\"lazy\" \n    referrerpolicy=\"no-referrer-when-downgrade\"><br \/>\n  <\/iframe>\n<\/div>\n<\/div>\n<p><p>\n        <a href=\"https:\/\/www.instagram.com\/xuna.rest?utm_source=ig_web_button_share_sheet&#038;igsh=MTc5anlqd3VtMjFnMA==\">S\u00cdGUENOS EN Instagram<\/a>\n    <\/p>\n<\/p>\n<p><!--more--><br \/>\n<!-- {\"type\":\"layout\",\"children\":[{\"name\":\"Hero\",\"type\":\"section\",\"props\":{\"animation\":\"slide-bottom-small\",\"header_transparent\":true,\"header_transparent_noplaceholder\":true,\"height\":\"viewport\",\"height_offset_top\":true,\"height_viewport\":80,\"image\":\"wp-content\\\/uploads\\\/2025\\\/09\\\/Xuna24-scaled.jpg\",\"image_loading\":true,\"image_position\":\"center-center\",\"image_size\":\"cover\",\"image_width\":\"1920\",\"media_background\":\"#fff\",\"media_overlay\":\"rgba(2, 3, 0, 0.54)\",\"overlap\":false,\"padding\":\"none\",\"padding_remove_horizontal\":false,\"preserve_color\":false,\"style\":\"default\",\"text_color\":\"light\",\"title_breakpoint\":\"xl\",\"title_position\":\"top-left\",\"title_rotation\":\"left\",\"vertical_align\":\"middle\",\"width\":\"\"},\"children\":[{\"type\":\"row\",\"props\":{\"column_gap\":\"medium\",\"layout\":\"expand,large,expand\",\"row_gap\":\"medium\"},\"children\":[{\"type\":\"column\",\"props\":{\"image_position\":\"center-center\",\"position_sticky_breakpoint\":\"m\",\"vertical_align\":\"middle\",\"width_default\":\"expand\"},\"children\":[{\"type\":\"headline\",\"props\":{\"content\":\"\",\"css\":\".el-element { letter-spacing: 4px; }\",\"text_align\":\"right\",\"title_element\":\"div\",\"title_style\":\"h5\"}}]},{\"type\":\"column\",\"props\":{\"image_position\":\"center-center\",\"position_sticky_breakpoint\":\"m\",\"vertical_align\":\"middle\",\"width_default\":\"auto\"}},{\"type\":\"column\",\"props\":{\"image_position\":\"center-center\",\"position_sticky_breakpoint\":\"m\",\"vertical_align\":\"middle\",\"width_default\":\"expand\"},\"children\":[{\"type\":\"headline\",\"props\":{\"content\":\"\",\"css\":\".el-element { letter-spacing: 4px; }\",\"text_align\":\"left\",\"title_element\":\"div\",\"title_style\":\"h5\"}}]}]}]},{\"name\":\"About\",\"type\":\"section\",\"props\":{\"animation\":\"fade\",\"animation_delay\":false,\"image_position\":\"bottom-right\",\"padding\":\"large\",\"style\":\"default\",\"title_breakpoint\":\"xl\",\"title_position\":\"top-left\",\"title_rotation\":\"left\",\"vertical_align\":\"\",\"width\":\"default\"},\"children\":[{\"type\":\"row\",\"props\":{\"column_gap\":\"large\",\"layout\":\"1-2,1-2\",\"row_gap\":\"large\"},\"children\":[{\"type\":\"column\",\"props\":{\"image_position\":\"center-center\",\"position_sticky_breakpoint\":\"m\",\"width_medium\":\"1-2\"},\"children\":[{\"type\":\"headline\",\"props\":{\"content\":\"\n\n<p data-start=\\\"622\\\" data-end=\\\"669\\\"><strong data-start=\\\"622\\\" data-end=\\\"667\\\">Una experiencia culinaria que trasciende.<\\\/strong><\\\/p>\",\"maxwidth\":\"xlarge\",\"title_color\":\"primary\",\"title_element\":\"h2\",\"title_style\":\"h2\"}}]},{\"type\":\"column\",\"props\":{\"image_position\":\"center-center\",\"position_sticky_breakpoint\":\"m\",\"width_medium\":\"1-2\"},\"children\":[{\"type\":\"text\",\"props\":{\"column_breakpoint\":\"m\",\"content\":\"\n\n<p>Bajo la visi\\u00f3n del chef <em><strong>Jonat\\u00e1n G\\u00f3mez Luna<\\\/strong><\\\/em>, galardonado con estrella Michelin y distinguido con el premio <em><strong data-start=\\\"233\\\" data-end=\\\"261\\\">Chef Mentor por Michelin<\\\/strong><\\\/em>, Xuna es un manifiesto culinario donde la cocina mexicana se reinventa. Ingredientes tradicionales se transforman en creaciones modernas que honran la riqueza y diversidad de M\\u00e9xico, fusionando t\\u00e9cnicas ancestrales con una mirada audaz y contempor\\u00e1nea.<\\\/p>\",\"margin\":\"medium\",\"text_style\":\"lead\"}},{\"type\":\"image\",\"props\":{\"animation\":\"fade\",\"image\":\"\",\"image_height\":\"70\",\"image_svg_color\":\"emphasis\",\"image_svg_inline\":true,\"image_width\":\"230\",\"margin\":\"default\"}}]}]}]},{\"name\":\"Image\",\"type\":\"section\",\"props\":{\"height\":\"viewport\",\"height_viewport\":50,\"image\":\"wp-content\\\/uploads\\\/2025\\\/09\\\/Diseno-sin-titulo-8.png\",\"image_effect\":\"fixed\",\"image_position\":\"center-center\",\"image_size\":\"cover\",\"image_width\":\"1920\",\"style\":\"default\",\"title_breakpoint\":\"xl\",\"title_position\":\"top-left\",\"title_rotation\":\"left\",\"vertical_align\":\"middle\",\"width\":\"default\"},\"children\":[{\"type\":\"row\",\"children\":[{\"type\":\"column\",\"props\":{\"image_position\":\"center-center\",\"position_sticky_breakpoint\":\"m\",\"width_medium\":\"1-1\"}}]}]},{\"name\":\"Contact\",\"type\":\"section\",\"props\":{\"animation\":\"fade\",\"image_position\":\"center-left\",\"padding\":\"large\",\"padding_remove_bottom\":false,\"padding_remove_horizontal\":true,\"padding_remove_top\":false,\"style\":\"primary\",\"title_breakpoint\":\"xl\",\"title_position\":\"top-left\",\"title_rotation\":\"left\",\"vertical_align\":\"\",\"width\":\"expand\"},\"children\":[{\"type\":\"row\",\"children\":[{\"type\":\"column\",\"props\":{\"image_position\":\"center-center\",\"position_sticky_breakpoint\":\"m\",\"width_medium\":\"1-1\"},\"children\":[{\"type\":\"headline\",\"props\":{\"content\":\"\\u00danete a la mesa\",\"text_align\":\"center\",\"title_element\":\"h2\"}}]}]},{\"type\":\"row\",\"props\":{\"width\":\"small\"},\"children\":[{\"type\":\"column\",\"props\":{\"image_position\":\"center-center\",\"position_sticky_breakpoint\":\"m\",\"width_medium\":\"1-1\"},\"children\":[{\"type\":\"text\",\"props\":{\"block_align\":\"center\",\"column_breakpoint\":\"m\",\"content\":\"\n\n<p>Un viaje gastron\\u00f3mico donde cada ingrediente cuenta su historia.<\\\/p>\",\"margin\":\"default\",\"maxwidth\":\"xlarge\",\"text_align\":\"center\"}}]}]},{\"type\":\"row\",\"props\":{\"divider\":true,\"layout\":\"1-2,1-2\",\"margin\":\"large\",\"width\":\"small\"},\"children\":[{\"type\":\"column\",\"props\":{\"image_position\":\"center-center\",\"position_sticky_breakpoint\":\"m\",\"width_small\":\"1-2\"},\"children\":[{\"type\":\"headline\",\"props\":{\"content\":\"Contacto\",\"text_align\":\"center\",\"title_color\":\"primary\",\"title_element\":\"h3\",\"title_style\":\"h6\"}},{\"type\":\"text\",\"props\":{\"column_breakpoint\":\"m\",\"content\":\"\n\n<p>+52 55 9459 5020<\\\/p>\",\"margin\":\"default\",\"text_align\":\"center\",\"text_style\":\"large\"}}]},{\"type\":\"column\",\"props\":{\"image_position\":\"center-center\",\"position_sticky_breakpoint\":\"m\",\"width_small\":\"1-2\"},\"children\":[{\"type\":\"headline\",\"props\":{\"content\":\"RESERVAR\",\"text_align\":\"center\",\"title_color\":\"primary\",\"title_element\":\"h3\",\"title_style\":\"h6\"}},{\"type\":\"button\",\"props\":{\"grid_column_gap\":\"small\",\"grid_row_gap\":\"small\",\"margin\":\"default\",\"text_align\":\"center\"},\"children\":[{\"type\":\"button_item\",\"props\":{\"button_style\":\"default\",\"content\":\"OPENTABLE\",\"dialog_layout\":\"modal\",\"dialog_offcanvas_flip\":true,\"icon_align\":\"left\",\"link\":\"https:\\\/\\\/www.opentable.com.mx\\\/r\\\/octavia-ciudad-de-mexico\"}}]}]}]},{\"type\":\"row\",\"props\":{\"margin\":\"remove-vertical\",\"width\":\"xlarge\",\"width_expand\":\"left\"},\"children\":[{\"type\":\"column\",\"props\":{\"image_position\":\"center-center\",\"image_size\":\"width-1-1\",\"media_focal_point\":\"top-left\",\"padding\":\"none\",\"position_sticky_breakpoint\":\"m\",\"vertical_align\":\"middle\",\"width_medium\":\"1-1\"},\"children\":[{\"type\":\"text\",\"props\":{\"block_align\":\"center\",\"column_breakpoint\":\"m\",\"content\":\"\n\n<p><span>Valladolid 96, Roma Nte. Cuauht\\u00e9moc, 06700 Ciudad de M\\u00e9xico, CDMX<\\\/span><\\\/p>\",\"margin\":\"default\",\"maxwidth\":\"xlarge\",\"text_align\":\"center\",\"text_style\":\"lead\"}},{\"type\":\"html\",\"props\":{\"content\":\"\n\n<div style=\\\"width:100%; height:500px;\\\">\\n  <iframe \\n    src=\\\"https:\\\/\\\/www.google.com\\\/maps\\\/embed?pb=!1m18!1m12!1m3!1d3762.8748491154647!2d-99.17009422441618!3d19.41781264115228!2m3!1f0!2f0!3f0!3m2!1i1024!2i768!4f13.1!3m3!1m2!1s0x85d1ff387714d8f5%3A0x3b7145cdf2254839!2sValladolid%2096%2C%20Roma%20Nte.%2C%20Cuauht%C3%A9moc%2C%2006700%20Ciudad%20de%20M%C3%A9xico%2C%20CDMX!5e0!3m2!1sen!2smx!4v1758174254694!5m2!1sen!2smx\\\" \\n    width=\\\"100%\\\" \\n    height=\\\"80%\\\" \\n    style=\\\"border:0;\\\" \\n    allowfullscreen=\\\"\\\" \\n    loading=\\\"lazy\\\" \\n    referrerpolicy=\\\"no-referrer-when-downgrade\\\">\\n  <\\\/iframe>\\n<\\\/div>\\n\"}},{\"type\":\"button\",\"props\":{\"button_size\":\"large\",\"grid_column_gap\":\"\",\"grid_row_gap\":\"\",\"margin\":\"\",\"text_align\":\"center\"},\"children\":[{\"type\":\"button_item\",\"props\":{\"button_style\":\"primary\",\"content\":\"S\\u00cdGUENOS EN Instagram\",\"dialog_layout\":\"modal\",\"dialog_offcanvas_flip\":true,\"icon\":\"instagram\",\"icon_align\":\"left\",\"link\":\"https:\\\/\\\/www.instagram.com\\\/xuna.rest?utm_source=ig_web_button_share_sheet&igsh=MTc5anlqd3VtMjFnMA==\",\"link_target\":\"blank\"}}]}]}]}]}],\"version\":\"4.5.21\"} --><\/p>\n","protected":false},"excerpt":{"rendered":"<p>Una experiencia culinaria que trasciende. Bajo la visi\u00f3n del chef Jonat\u00e1n G\u00f3mez Luna, galardonado con estrella Michelin y distinguido con el premio Chef Mentor por Michelin, Xuna es un manifiesto culinario donde la cocina mexicana se reinventa. Ingredientes tradicionales se transforman en creaciones modernas que honran la riqueza y diversidad de M\u00e9xico, fusionando t\u00e9cnicas ancestrales [&hellip;]<\/p>\n","protected":false},"author":1,"featured_media":2085,"parent":0,"menu_order":3,"comment_status":"closed","ping_status":"closed","template":"","meta":{"_acf_changed":false,"footnotes":""},"class_list":["post-1","page","type-page","status-publish","has-post-thumbnail","hentry"],"acf":[],"_links":{"self":[{"href":"https:\/\/xunarestaurante.com.mx\/index.php?rest_route=\/wp\/v2\/pages\/1","targetHints":{"allow":["GET"]}}],"collection":[{"href":"https:\/\/xunarestaurante.com.mx\/index.php?rest_route=\/wp\/v2\/pages"}],"about":[{"href":"https:\/\/xunarestaurante.com.mx\/index.php?rest_route=\/wp\/v2\/types\/page"}],"author":[{"embeddable":true,"href":"https:\/\/xunarestaurante.com.mx\/index.php?rest_route=\/wp\/v2\/users\/1"}],"replies":[{"embeddable":true,"href":"https:\/\/xunarestaurante.com.mx\/index.php?rest_route=%2Fwp%2Fv2%2Fcomments&post=1"}],"version-history":[{"count":50,"href":"https:\/\/xunarestaurante.com.mx\/index.php?rest_route=\/wp\/v2\/pages\/1\/revisions"}],"predecessor-version":[{"id":2375,"href":"https:\/\/xunarestaurante.com.mx\/index.php?rest_route=\/wp\/v2\/pages\/1\/revisions\/2375"}],"wp:featuredmedia":[{"embeddable":true,"href":"https:\/\/xunarestaurante.com.mx\/index.php?rest_route=\/wp\/v2\/media\/2085"}],"wp:attachment":[{"href":"https:\/\/xunarestaurante.com.mx\/index.php?rest_route=%2Fwp%2Fv2%2Fmedia&parent=1"}],"curies":[{"name":"wp","href":"https:\/\/api.w.org\/{rel}","templated":true}]}}